{"id":139,"date":"2021-06-16T08:33:20","date_gmt":"2021-06-16T06:33:20","guid":{"rendered":"https:\/\/inspe.univ-lyon1.fr\/duemi\/?page_id=139"},"modified":"2024-02-29T14:17:06","modified_gmt":"2024-02-29T13:17:06","slug":"description","status":"publish","type":"page","link":"https:\/\/inspe.univ-lyon1.fr\/duemi\/description\/","title":{"rendered":"Description de la formation"},"content":{"rendered":"\n<p><\/p>\n\n\n\n<p class=\"has-text-align-right\">T<a href=\"https:\/\/inspe.univ-lyon1.fr\/duemi\/wp-content\/uploads\/2024\/02\/DU-EMI-Plaquette-de-pre\u0301sentation-02-02-2024.pdf\" data-type=\"URL\" data-id=\"https:\/\/inspe.univ-lyon1.fr\/duemi\/wp-content\/uploads\/2024\/02\/DU-EMI-Plaquette-de-pre\u0301sentation-02-02-2024.pdf\" target=\"_blank\" rel=\"noreferrer noopener\">\u00e9l\u00e9charger la plaquette<\/a><\/p>\n\n\n\n<p>L&rsquo;arriv\u00e9e d&rsquo;internet a boulevers\u00e9 et remodel\u00e9, en quelques ann\u00e9es \u00e0 peine, le rapport \u00e0 l\u2019information, la construction identitaire des individus et les interactions sociales. Les usages et pratiques actuels n&rsquo;ont plus rien \u00e0 voir avec ceux d&rsquo;hier et l\u2019\u00c9ducation aux M\u00e9dias et \u00e0 l&rsquo;Information (EMI) appara\u00eet, aujourd&rsquo;hui plus que jamais, comme un enjeu majeur. L\u2019ensemble des professionnels intervenant aupr\u00e8s des enfants, adolescents et jeunes adultes cherchent aussi \u00e0 s\u2019emparer de ces questions. Si tous comprennent la n\u00e9cessit\u00e9 et les enjeux d&rsquo;une \u00c9ducation aux M\u00e9dias et \u00e0 l&rsquo;Information, il leur manque souvent des cl\u00e9s pour la d\u00e9finir et la mettre en \u0153uvre. Le DU que nous proposons, volontairement interdisciplinaire et interprofessionnel, souhaite amener ces professionnels \u00e0 comprendre, agir et r\u00e9agir. <\/p>\n\n\n\n<p><strong>Comprendre : <\/strong>la soci\u00e9t\u00e9 informationnelle et m\u00e9diatique dans laquelle nous vivons, les pratiques juv\u00e9niles adolescentes et leurs impacts sur les apprentissages, la construction de soi et des relations interpersonnelles, la socialisation et l\u2019inclusion dans la soci\u00e9t\u00e9. <\/p>\n\n\n\n<p><strong>Agir : <\/strong>en mettant en place des dispositifs \u00e9ducatifs et p\u00e9dagogiques en lien avec les attentes institutionnelles, en accompagnant les \u00e9l\u00e8ves dans leurs pratiques, en analysant sa pratique professionnelle. <\/p>\n\n\n\n<p><strong>R\u00e9agir&nbsp;: <\/strong>pour faire face \u00e0 des probl\u00e9matiques nouvelles en lien avec les univers informationnels (dont le d\u00e9ploiement des intelligences artificielles) et anticiper celles qui n&rsquo;existent pas encore.<strong><br><br>Le DU EMI se compose de quatre modules.<br><br>Module 1 : Questionner la culture num\u00e9rique<\/strong><\/p>\n\n\n\n<p>&#8211; Prendre en compte les enjeux sociaux, \u00e9conomiques, juridiques et \u00e9thiques d&rsquo;internet sous l&rsquo;angle de la citoyennet\u00e9<br>&#8211; Inscrire son activit\u00e9 professionnelle de mani\u00e8re \u00e9thique et rationnelle dans l&rsquo;environnement m\u00e9diatico-num\u00e9rique contemporain<\/p>\n\n\n\n<p><strong>Module 2 : Analyser les pratiques juv\u00e9niles du num\u00e9rique en faisant preuve d\u2019ouverture et d\u2019esprit critique<\/strong><\/p>\n\n\n\n<p>&#8211; D\u00e9construire les repr\u00e9sentations des pratiques juv\u00e9niles num\u00e9riques<br>&#8211; D\u00e9gager les potentialit\u00e9s des usages des pratiques juv\u00e9niles <\/p>\n\n\n\n<p><strong>Module 3 : Passer des pratiques num\u00e9riques personnelles \u00e0 des usages professionnels<\/strong><\/p>\n\n\n\n<p>&#8211; Ma\u00eetriser l&rsquo;environnement informatique<br>&#8211; Produire des contenus multim\u00e9dias en ligne et hors ligne<br>&#8211; Participer \u00e0 des projets collaboratifs sur internet<\/p>\n\n\n\n<p><strong>Module 4&nbsp;: Construire des dispositifs d\u2019accompagnement \u00e9ducatif en fonction du contexte<\/strong><\/p>\n\n\n\n<p>&#8211; R\u00e9pondre aux attentes institutionnelles en fonction des contextes<br>&#8211; Mettre en \u0153uvre des dispositifs d\u2019accompagnement adapt\u00e9s et notamment en formation continue<\/p>\n\n\n\n<hr class=\"wp-block-separator\"\/>\n\n\n\n<h3>Organisation des cours : <\/h3>\n\n\n\n<p>Le DU EMI est une formation hybride qui propose des enseignements en pr\u00e9sentiel et \u00e0 distance.<\/p>\n\n\n\n<p>Formation hybride avec 50% des enseignements \u00e0 distance. Pr\u00e9sentiels regroup\u00e9s sur un mercredi par mois.<\/p>\n\n\n\n<p>Possibilit\u00e9s de formation en distanciel total pour les \u00e9tudiants r\u00e9sidant \u00e0 plus de 150 km.<br>Les enseignements \u00e0 distance sont dispens\u00e9s sous forme de classe virtuelle et de mise \u00e0 disposition de contenus et activit\u00e9s \u00e0 r\u00e9aliser sur la plateforme intranet de l\u2019Universit\u00e9.<br>Les enseignements s\u2019organisent autour d\u2019apports th\u00e9oriques et m\u00e9thodologiques, autour d&rsquo;apports de connaissances, de d\u00e9bats et d&rsquo;\u00e9tudes de cas. Une journ\u00e9e d&rsquo;\u00e9tude est organis\u00e9e en partenariat avec l&rsquo;Ecole nationale sup\u00e9rieure des sciences de l&rsquo;information et des biblioth\u00e8ques.<\/p>\n\n\n\n<p>Formation dipl\u00f4mante<br><strong>Nature de la Formation :<\/strong> Dipl\u00f4me d&rsquo;\u00e9tablissement non homologu\u00e9<br><strong>Dur\u00e9e de la formation :<\/strong> 2 semestres sur 1 ann\u00e9e<br><strong>Nombre d&rsquo;heures totale de la formation :<\/strong> 114h<\/p>\n\n\n\n<hr class=\"wp-block-separator\"\/>\n\n\n\n<h3>Modalit\u00e9s d&rsquo;\u00e9valuation des connaissances :<\/h3>\n\n\n\n<p><strong>Module 1 (\u00e0 rendre aux retours des vacances de fin d&rsquo;ann\u00e9e) :<\/strong> Analyse d&rsquo;une production m\u00e9diatique <\/p>\n\n\n\n<p><strong>Module 2 <strong>(\u00e0 rendre aux retours des vacances d&rsquo;hiver)<\/strong> :<\/strong> \u00c9tablir une cartographie des controverses sur une pratique adolescente<\/p>\n\n\n\n<p><strong>Module 3 <strong>(\u00e0 rendre pour la mi-juin)<\/strong> :<\/strong> \u00c9laboration collaborative d&rsquo;une production multim\u00e9dia en lien avec l&rsquo;EMI ou l&rsquo;actualit\u00e9 EMI<\/p>\n\n\n\n<p><strong>Module 4 <strong>(\u00e0 rendre pour fin ao\u00fbt)<\/strong> :<\/strong> Monter un projet d&rsquo;accompagnement EMI au sein de sa structure<\/p>\n\n\n\n<hr class=\"wp-block-separator\"\/>\n\n\n\n<h3>Intervenants :<\/h3>\n\n\n\n<p>Universitaires et professionnels de l&rsquo;\u00e9ducation, des m\u00e9dias, des biblioth\u00e8ques et de l&rsquo;animation<\/p>\n\n\n\n<hr class=\"wp-block-separator\"\/>\n","protected":false},"excerpt":{"rendered":"<p>T\u00e9l\u00e9charger la plaquette L&rsquo;arriv\u00e9e d&rsquo;internet a boulevers\u00e9 et remodel\u00e9, en quelques ann\u00e9es \u00e0 peine, le rapport \u00e0 l\u2019information, la construction identitaire des individus et les interactions sociales. Les usages et pratiques actuels n&rsquo;ont plus rien \u00e0 voir avec ceux d&rsquo;hier et l\u2019\u00c9ducation aux M\u00e9dias et \u00e0 l&rsquo;Information (EMI) appara\u00eet, aujourd&rsquo;hui plus que jamais, comme un&hellip; <a class=\"more-link\" href=\"https:\/\/inspe.univ-lyon1.fr\/duemi\/description\/\">Poursuivre la lecture de <span class=\"screen-reader-text\">Description de la formation<\/span><\/a><\/p>\n","protected":false},"author":3,"featured_media":0,"parent":0,"menu_order":0,"comment_status":"closed","ping_status":"closed","template":"","meta":[],"_links":{"self":[{"href":"https:\/\/inspe.univ-lyon1.fr\/duemi\/wp-json\/wp\/v2\/pages\/139"}],"collection":[{"href":"https:\/\/inspe.univ-lyon1.fr\/duemi\/wp-json\/wp\/v2\/pages"}],"about":[{"href":"https:\/\/inspe.univ-lyon1.fr\/duemi\/wp-json\/wp\/v2\/types\/page"}],"author":[{"embeddable":true,"href":"https:\/\/inspe.univ-lyon1.fr\/duemi\/wp-json\/wp\/v2\/users\/3"}],"replies":[{"embeddable":true,"href":"https:\/\/inspe.univ-lyon1.fr\/duemi\/wp-json\/wp\/v2\/comments?post=139"}],"version-history":[{"count":11,"href":"https:\/\/inspe.univ-lyon1.fr\/duemi\/wp-json\/wp\/v2\/pages\/139\/revisions"}],"predecessor-version":[{"id":1691,"href":"https:\/\/inspe.univ-lyon1.fr\/duemi\/wp-json\/wp\/v2\/pages\/139\/revisions\/1691"}],"wp:attachment":[{"href":"https:\/\/inspe.univ-lyon1.fr\/duemi\/wp-json\/wp\/v2\/media?parent=139"}],"curies":[{"name":"wp","href":"https:\/\/api.w.org\/{rel}","templated":true}]}}