{"id":4475,"date":"2021-02-26T14:56:31","date_gmt":"2021-02-26T13:56:31","guid":{"rendered":"https:\/\/inspe.univ-lyon1.fr\/bienvenue\/?page_id=4475"},"modified":"2021-03-18T16:37:26","modified_gmt":"2021-03-18T15:37:26","slug":"concours-capet-caplp","status":"publish","type":"page","link":"https:\/\/inspe.univ-lyon1.fr\/bienvenue\/concours-capet-caplp\/","title":{"rendered":"Concours Professeur en lyc\u00e9e technologique (CAPET) ou lyc\u00e9e professionnel (CAPLP)"},"content":{"rendered":"\t\t<div data-elementor-type=\"wp-page\" data-elementor-id=\"4475\" class=\"elementor elementor-4475\">\n\t\t\t\t\t\t<section class=\"elementor-section elementor-top-section elementor-element elementor-element-1e56816 elementor-section-boxed elementor-section-height-default elementor-section-height-default\" data-id=\"1e56816\" data-element_type=\"section\">\n\t\t\t\t\t\t<div class=\"elementor-container elementor-column-gap-default\">\n\t\t\t\t\t<div class=\"elementor-column elementor-col-100 elementor-top-column elementor-element elementor-element-25e201e\" data-id=\"25e201e\" data-element_type=\"column\">\n\t\t\t<div class=\"elementor-widget-wrap elementor-element-populated\">\n\t\t\t\t\t\t<section class=\"elementor-section elementor-inner-section elementor-element elementor-element-56db76c elementor-section-boxed elementor-section-height-default elementor-section-height-default\" data-id=\"56db76c\" data-element_type=\"section\">\n\t\t\t\t\t\t<div class=\"elementor-container elementor-column-gap-default\">\n\t\t\t\t\t<div class=\"elementor-column elementor-col-50 elementor-inner-column elementor-element elementor-element-2782427\" data-id=\"2782427\" data-element_type=\"column\">\n\t\t\t<div class=\"elementor-widget-wrap elementor-element-populated\">\n\t\t\t\t\t\t<div class=\"elementor-element elementor-element-525f86b elementor-widget elementor-widget-text-editor\" data-id=\"525f86b\" data-element_type=\"widget\" data-widget_type=\"text-editor.default\">\n\t\t\t\t<div class=\"elementor-widget-container\">\n\t\t\t\t\t\t\t\t\t<h3>Concours de recrutement des professeurs pour le lyc\u00e9e technologique(CAPET) ou le lyc\u00e9e professionnel (CAPLP)<\/h3><div><p>Ces deux concours ont lieu \u00e0 l\u2019issue de la seconde ann\u00e9e de master. Leur organisation est similaire.<\/p><p>Ils se divisent en deux s\u00e9ries d\u2019\u00e9preuves<\/p><p><u>Premi\u00e8re s\u00e9rie \u2013 les \u00e9preuves d\u2019admissibilit\u00e9<\/u><\/p><p>Il s\u2019agit d\u2019une premi\u00e8re \u00e9preuve \u00e9crite disciplinaire dans l\u2019option choisie.<\/p><p>Une seconde \u00e9preuve \u00e9crite porte sur l\u2019analyse critique et la proposition d\u2019une situation p\u00e9dagogique.<\/p><p>A l\u2019issue de ces \u00e9preuves, un classement\u00a0<span style=\"font-size: 16px; font-style: normal; font-weight: bold;\">des candidates et candidats<\/span>\u00a0est effectu\u00e9 selon la moyenne des notes aux \u00e9preuves afin de d\u00e9terminer le<span style=\"font-size: 16px; font-style: normal; font-weight: bold;\">s candidates et candidats<\/span>\u00a0admissibles.<\/p><p><u>Seconde s\u00e9rie \u2013 les \u00e9preuves d\u2019admission<\/u><\/p><p>L<span style=\"font-size: 16px; font-style: normal; font-weight: bold;\">es candidates et candidats<\/span>\u00a0admis \u00e0 l\u2019issue de la premi\u00e8re s\u00e9rie d\u2019\u00e9preuves passent\u00a0:<\/p><ul><li>Une \u00e9preuve de pr\u00e9sentation orale sur la conception et l\u2019animation d\u2019une s\u00e9ance d\u2019enseignement. Pour les concours sur 2 disciplines (math\u00e9matiques &#8211; physique &amp; chimie, lettres &#8211; histoire g\u00e9ographie, lettres -langues), il s&rsquo;agit de 2 \u00e9preuves orales, une dans chacune des disciplines.<\/li><li>Une \u00e9preuve d\u2019entretien visant \u00e0 appr\u00e9cier la projection\u00a0<span style=\"font-size: 16px; font-style: normal; font-weight: bold;\">des candidates et candidats<\/span>\u00a0dans le m\u00e9tier de professeur.<\/li><\/ul><p>A l\u2019issue de ces \u00e9preuves, un classement\u00a0<span style=\"font-size: 16px; font-style: normal; font-weight: bold;\">des candidates et candidats<\/span>\u00a0est effectu\u00e9 afin de d\u00e9terminer celles et ceux admis.<\/p><\/div>\t\t\t\t\t\t\t\t<\/div>\n\t\t\t\t<\/div>\n\t\t\t\t<div class=\"elementor-element elementor-element-d631b92 elementor-widget elementor-widget-button\" data-id=\"d631b92\" data-element_type=\"widget\" data-widget_type=\"button.default\">\n\t\t\t\t<div class=\"elementor-widget-container\">\n\t\t\t\t\t\t\t\t\t<div class=\"elementor-button-wrapper\">\n\t\t\t\t\t<a class=\"elementor-button elementor-button-link elementor-size-sm\" href=\"https:\/\/www.legifrance.gouv.fr\/jorf\/id\/JORFTEXT000043075536\" target=\"_blank\">\n\t\t\t\t\t\t<span class=\"elementor-button-content-wrapper\">\n\t\t\t\t\t\t\t\t\t<span class=\"elementor-button-text\">EN savoir plus sur les \u00e9preuves  du CAPET<\/span>\n\t\t\t\t\t<\/span>\n\t\t\t\t\t<\/a>\n\t\t\t\t<\/div>\n\t\t\t\t\t\t\t\t<\/div>\n\t\t\t\t<\/div>\n\t\t\t\t<div class=\"elementor-element elementor-element-a266003 elementor-widget elementor-widget-button\" data-id=\"a266003\" data-element_type=\"widget\" data-widget_type=\"button.default\">\n\t\t\t\t<div class=\"elementor-widget-container\">\n\t\t\t\t\t\t\t\t\t<div class=\"elementor-button-wrapper\">\n\t\t\t\t\t<a class=\"elementor-button elementor-button-link elementor-size-sm\" href=\"https:\/\/www.legifrance.gouv.fr\/jorf\/id\/JORFTEXT000043075622\" target=\"_blank\">\n\t\t\t\t\t\t<span class=\"elementor-button-content-wrapper\">\n\t\t\t\t\t\t\t\t\t<span class=\"elementor-button-text\">EN savoir plus sur les \u00e9preuves  du CAPLP<\/span>\n\t\t\t\t\t<\/span>\n\t\t\t\t\t<\/a>\n\t\t\t\t<\/div>\n\t\t\t\t\t\t\t\t<\/div>\n\t\t\t\t<\/div>\n\t\t\t\t<div class=\"elementor-element elementor-element-ebb884e elementor-widget elementor-widget-button\" data-id=\"ebb884e\" data-element_type=\"widget\" data-widget_type=\"button.default\">\n\t\t\t\t<div class=\"elementor-widget-container\">\n\t\t\t\t\t\t\t\t\t<div class=\"elementor-button-wrapper\">\n\t\t\t\t\t<a class=\"elementor-button elementor-button-link elementor-size-sm\" href=\"https:\/\/www.devenirenseignant.gouv.fr\/cid98448\/calendrier-des-concours-de-recrutement-d-enseignants-du-second-degre-de-la-session-2016.html\" target=\"_blank\">\n\t\t\t\t\t\t<span class=\"elementor-button-content-wrapper\">\n\t\t\t\t\t\t\t\t\t<span class=\"elementor-button-text\">En savoir plus sur le calendrier du concours<\/span>\n\t\t\t\t\t<\/span>\n\t\t\t\t\t<\/a>\n\t\t\t\t<\/div>\n\t\t\t\t\t\t\t\t<\/div>\n\t\t\t\t<\/div>\n\t\t\t\t\t<\/div>\n\t\t<\/div>\n\t\t\t\t<div class=\"elementor-column elementor-col-50 elementor-inner-column elementor-element elementor-element-e67fd85\" data-id=\"e67fd85\" data-element_type=\"column\" data-settings=\"{&quot;background_background&quot;:&quot;classic&quot;}\">\n\t\t\t<div class=\"elementor-widget-wrap elementor-element-populated\">\n\t\t\t\t\t\t<div class=\"elementor-element elementor-element-7b0e9bd elementor-widget elementor-widget-heading\" data-id=\"7b0e9bd\" data-element_type=\"widget\" data-widget_type=\"heading.default\">\n\t\t\t\t<div class=\"elementor-widget-container\">\n\t\t\t\t\t<h4 class=\"elementor-heading-title elementor-size-default\">Sites<br>Ressources<br><\/h4>\t\t\t\t<\/div>\n\t\t\t\t<\/div>\n\t\t\t\t<div class=\"elementor-element elementor-element-84c43b3 elementor-align-center elementor-widget elementor-widget-button\" data-id=\"84c43b3\" data-element_type=\"widget\" data-widget_type=\"button.default\">\n\t\t\t\t<div class=\"elementor-widget-container\">\n\t\t\t\t\t\t\t\t\t<div class=\"elementor-button-wrapper\">\n\t\t\t\t\t<a class=\"elementor-button elementor-button-link elementor-size-sm\" href=\"https:\/\/www.devenirenseignant.gouv.fr\/\" target=\"_blank\">\n\t\t\t\t\t\t<span class=\"elementor-button-content-wrapper\">\n\t\t\t\t\t\t\t\t\t<span class=\"elementor-button-text\">Devenir Enseignant<\/span>\n\t\t\t\t\t<\/span>\n\t\t\t\t\t<\/a>\n\t\t\t\t<\/div>\n\t\t\t\t\t\t\t\t<\/div>\n\t\t\t\t<\/div>\n\t\t\t\t<div class=\"elementor-element elementor-element-1abba74 elementor-align-center elementor-widget elementor-widget-button\" data-id=\"1abba74\" data-element_type=\"widget\" data-widget_type=\"button.default\">\n\t\t\t\t<div class=\"elementor-widget-container\">\n\t\t\t\t\t\t\t\t\t<div class=\"elementor-button-wrapper\">\n\t\t\t\t\t<a class=\"elementor-button elementor-button-link elementor-size-sm\" href=\"http:\/\/www.ac-lyon.fr\/\">\n\t\t\t\t\t\t<span class=\"elementor-button-content-wrapper\">\n\t\t\t\t\t\t\t\t\t<span class=\"elementor-button-text\">Acad\u00e9mie de Lyon<\/span>\n\t\t\t\t\t<\/span>\n\t\t\t\t\t<\/a>\n\t\t\t\t<\/div>\n\t\t\t\t\t\t\t\t<\/div>\n\t\t\t\t<\/div>\n\t\t\t\t\t<\/div>\n\t\t<\/div>\n\t\t\t\t\t<\/div>\n\t\t<\/section>\n\t\t\t\t\t<\/div>\n\t\t<\/div>\n\t\t\t\t\t<\/div>\n\t\t<\/section>\n\t\t\t\t<\/div>\n\t\t","protected":false},"excerpt":{"rendered":"<p>Concours de recrutement des professeurs pour le lyc\u00e9e technologique(CAPET) ou le lyc\u00e9e professionnel (CAPLP) Ces deux concours ont lieu \u00e0 l\u2019issue de la seconde ann\u00e9e de master. Leur organisation est similaire. Ils se divisent en deux s\u00e9ries d\u2019\u00e9preuves Premi\u00e8re s\u00e9rie \u2013 les \u00e9preuves d\u2019admissibilit\u00e9 Il s\u2019agit d\u2019une premi\u00e8re \u00e9preuve \u00e9crite disciplinaire dans l\u2019option choisie. Une [&hellip;]<\/p>\n","protected":false},"author":3,"featured_media":0,"parent":0,"menu_order":0,"comment_status":"closed","ping_status":"closed","template":"","meta":{"_eb_attr":"","site-sidebar-layout":"no-sidebar","site-content-layout":"page-builder","ast-site-content-layout":"default","site-content-style":"default","site-sidebar-style":"default","ast-global-header-display":"","ast-banner-title-visibility":"","ast-main-header-display":"","ast-hfb-above-header-display":"","ast-hfb-below-header-display":"","ast-hfb-mobile-header-display":"","site-post-title":"disabled","ast-breadcrumbs-content":"","ast-featured-img":"disabled","footer-sml-layout":"","theme-transparent-header-meta":"default","adv-header-id-meta":"","stick-header-meta":"","header-above-stick-meta":"","header-main-stick-meta":"","header-below-stick-meta":"","astra-migrate-meta-layouts":"default","ast-page-background-enabled":"default","ast-page-background-meta":{"desktop":{"background-color":"","background-image":"","background-repeat":"repeat","background-position":"center center","background-size":"auto","background-attachment":"scroll","background-type":"","background-media":"","overlay-type":"","overlay-color":"","overlay-opacity":"","overlay-gradient":""},"tablet":{"background-color":"","background-image":"","background-repeat":"repeat","background-position":"center center","background-size":"auto","background-attachment":"scroll","background-type":"","background-media":"","overlay-type":"","overlay-color":"","overlay-opacity":"","overlay-gradient":""},"mobile":{"background-color":"","background-image":"","background-repeat":"repeat","background-position":"center center","background-size":"auto","background-attachment":"scroll","background-type":"","background-media":"","overlay-type":"","overlay-color":"","overlay-opacity":"","overlay-gradient":""}},"ast-content-background-meta":{"desktop":{"background-color":"var(--ast-global-color-5)","background-image":"","background-repeat":"repeat","background-position":"center center","background-size":"auto","background-attachment":"scroll","background-type":"","background-media":"","overlay-type":"","overlay-color":"","overlay-opacity":"","overlay-gradient":""},"tablet":{"background-color":"var(--ast-global-color-5)","background-image":"","background-repeat":"repeat","background-position":"center center","background-size":"auto","background-attachment":"scroll","background-type":"","background-media":"","overlay-type":"","overlay-color":"","overlay-opacity":"","overlay-gradient":""},"mobile":{"background-color":"var(--ast-global-color-5)","background-image":"","background-repeat":"repeat","background-position":"center center","background-size":"auto","background-attachment":"scroll","background-type":"","background-media":"","overlay-type":"","overlay-color":"","overlay-opacity":"","overlay-gradient":""}},"footnotes":""},"class_list":["post-4475","page","type-page","status-publish","hentry"],"_links":{"self":[{"href":"https:\/\/inspe.univ-lyon1.fr\/bienvenue\/wp-json\/wp\/v2\/pages\/4475","targetHints":{"allow":["GET"]}}],"collection":[{"href":"https:\/\/inspe.univ-lyon1.fr\/bienvenue\/wp-json\/wp\/v2\/pages"}],"about":[{"href":"https:\/\/inspe.univ-lyon1.fr\/bienvenue\/wp-json\/wp\/v2\/types\/page"}],"author":[{"embeddable":true,"href":"https:\/\/inspe.univ-lyon1.fr\/bienvenue\/wp-json\/wp\/v2\/users\/3"}],"replies":[{"embeddable":true,"href":"https:\/\/inspe.univ-lyon1.fr\/bienvenue\/wp-json\/wp\/v2\/comments?post=4475"}],"version-history":[{"count":13,"href":"https:\/\/inspe.univ-lyon1.fr\/bienvenue\/wp-json\/wp\/v2\/pages\/4475\/revisions"}],"predecessor-version":[{"id":7193,"href":"https:\/\/inspe.univ-lyon1.fr\/bienvenue\/wp-json\/wp\/v2\/pages\/4475\/revisions\/7193"}],"wp:attachment":[{"href":"https:\/\/inspe.univ-lyon1.fr\/bienvenue\/wp-json\/wp\/v2\/media?parent=4475"}],"curies":[{"name":"wp","href":"https:\/\/api.w.org\/{rel}","templated":true}]}}